u) = u**3 - 35*u**2 - 51*u + 530. What is z(36)?
-10
Let u(q) = -66*q**2 + 1529*q + 4849. Calculate u(26).
-13
Let r(q) = 168*q + 102305. Determine r(-609).
-7
Let o(s) = -3*s**2 + 50*s + 39014. What is o(-106)?
6
Let i(q) = 27*q + 2275. Determine i(-80).
115
Let i(c) = -12*c**2 + 5776*c - 281377. Give i(55).
3
Let l(m) = -4380*m - 8887. Give l(-2).
-127
Let q(j) = j**2 - 1140*j + 165279. Determine q(171).
-420
Let m(y) = 20*y**2 + 343*y - 169. What is m(-15)?
-814
Let p(o) = -2*o**3 + 59*o**2 - 416*o - 74. Determine p(18).
-110
Let l(n) = -n**3 - 15*n**2 - 691*n - 11499. Give l(-16).
-187
Let n(v) = -3*v**3 + 14316*v**2 + 57306*v - 11. Calculate n(-4).
13
Let b(j) = j**3 + 14*j**2 - 72*j - 2. Give b(-18).
-2
Let d(b) = -2274*b - 297673. Calculate d(-131).
221
Let o(v) = 7655*v + 329164. Calculate o(-43).
-1
Let x(n) = 1530*n**3 + 3*n**2 + 24*n - 24. Determine x(1).
1533
Let o(q) = -54*q**2 + 3047*q - 9800. Determine o(53).
5
Let t(k) = k**2 - 53*k - 2246. Give t(-24).
-398
Let i(o) = -o**3 + 26*o**2 - 175*o + 5609. Give i(27).
155
Let t(h) = 3*h**3 - 22*h**2 + 4*h - 76. Give t(8).
84
Let v(o) = -36250*o - 1558556. Calculate v(-43).
194
Let v(m) = -m**3 + 28*m**2 + 4395*m - 27132. Give v(6).
30
Let r(o) = -3*o**2 + 193*o - 276. Give r(62).
158
Let d(f) = 2326*f - 1432744. What is d(616)?
72
Let k(p) = -p**2 + 1431*p - 52905. Give k(38).
29
Let d(v) = -3*v**2 + 555*v - 5929. Calculate d(11).
-187
Let m(x) = 11*x**3 - 155*x**2 - 13*x + 438. What is m(14)?
60
Let v(p) = -20*p**2 - 499*p + 97. What is v(-25)?
72
Let f(d) = 3*d**2 - 3294*d - 13220. Calculate f(1102).
4
Let j(h) = h**2 - 1461*h + 250227. Calculate j(199).
-911
Let q(p) = -11*p**2 - 695*p - 10294. Give q(-23).
-128
Let t(r) = 162*r**2 + 306*r + 5. What is t(-2)?
41
Let g(n) = -2*n**2 + 113*n - 539. What is g(46)?
427
Let v(b) = 8*b**2 + 6201*b - 17905. Determine v(-778).
-11
Let j(q) = -17*q**3 - 125*q**2 - 428*q - 2695. What is j(-7)?
7
Let g(t) = 463*t + 175001. Determine g(-378).
-13
Let h(i) = -1251*i + 115225. Give h(92).
133
Let m(g) = -9389*g - 845009. Calculate m(-90).
1
Let y(j) = -16*j**2 + 40094*j - 160130. What is y(4)?
-10
Let j(c) = 15433*c + 30716. Give j(-2).
-150
Let m(g) = g**3 + 10*g**2 - 60*g - 553. Determine m(-6).
-49
Let n(m) = -1804*m - 84789. Determine n(-47).
-1
Let c(o) = 2*o**3 - 183*o**2 + 778*o + 459. Determine c(87).
24
Let n(j) = 2*j**3 - 35*j**2 - 141*j + 212. Give n(18).
-2002
Let m(p) = 9*p**2 - 1068*p + 8018. Determine m(8).
50
Let k(h) = -2844*h + 23308. Determine k(9).
-2288
Let r(h) = 2*h**2 - 9642*h + 182486. Calculate r(19).
10
Let m(t) = -6*t**3 - 4*t**2 - 2377*t - 2375. Calculate m(-1).
4
Let c(s) = -s**3 - 1255*s**2 + 17758*s + 52. What is c(14)?
-60
Let t(m) = -12067*m - 132664. Determine t(-11).
73
Let i(q) = 57698*q - 28329725. Determine i(491).
-7
Let g(b) = -b**3 + 375*b**2 - 1067*b - 167. Give g(3).
-20
Let c(p) = 3*p**3 - 13*p**2 + 646*p - 3238. Calculate c(5).
42
Let q(m) = 14936*m + 74670. Determine q(-5).
-10
Let u(h) = -h**3 + 176*h**2 + 721*h + 107. Give u(-4).
103
Let w(t) = -104*t**2 - 18613*t + 481. Calculate w(-179).
-56
Let s(k) = k**3 - 4*k**2 - 4239*k + 12703. Calculate s(3).
-23
Let b(g) = 2*g**2 + 83934*g + 755241. What is b(-9)?
-3
Let y(m) = 2*m**2 + 1066*m + 129769. Determine y(-188).
49
Let v(s) = s**3 - 49*s**2 - 3564*s + 367. Calculate v(89).
11
Let d(v) = 17*v**3 + 301*v**2 + 233*v + 496. Calculate d(-17).
3
Let p(g) = -g**3 - 173*g**2 - 3057*g + 55. Determine p(-20).
-5
Let g(u) = -1141*u - 11352. Determine g(-11).
1199
Let i(f) = -f**2 - 1550*f + 6283. Determine i(4).
67
Let y(a) = 308806*a + 617631. What is y(-2)?
19
Let x(d) = d**3 + 29*d**2 + 192*d + 624. Calculate x(-23).
-618
Let y(n) = -6*n**3 + 5*n**2 + 213*n - 17. What is y(-7)?
795
Let o(y) = 25*y + 1784. Determine o(-69).
59
Let g(t) = 8618*t - 7152932. Calculate g(830).
8
Let j(r) = 22*r**3 - 147*r**2 - 23*r + 20. Calculate j(6).
-658
Let p(b) = b**3 - 22*b**2 - 226*b + 109. Determine p(-8).
-3
Let v(t) = t**3 + 127*t**2 - 12260*t - 6887. Determine v(-191).
-11
Let p(x) = 3*x**3 + 7*x**2 + 53*x + 325. Determine p(-5).
-140
Let z(s) = -69200*s + 761201. What is z(11)?
1
Let p(b) = -11*b**2 - 135*b - 2208. What is p(-19)?
-3614
Let c(h) = -25*h**3 - 4302*h**2 - 351*h - 1207. Give c(-172).
-3
Let d(u) = 106*u + 2051. Calculate d(-18).
143
Let m(i) = -i**3 - 302*i**2 + 6064*i - 11232. Calculate m(-321).
3
Let s(x) = -1867*x**2 - 7022*x + 1779. Give s(-4).
-5
Let i(a) = 2469*a - 209. Determine i(0).
-209
Let w(z) = -124609*z - 3613652. Determine w(-29).
9
Let v(g) = -137*g - 27850. Calculate v(-203).
-39
Let y(c) = c**3 - 667*c**2 + 25050*c + 1178. Give y(40).
-22
Let n(b) = -b**3 + 601*b**2 + 42564*b + 250. Give n(-64).
-6
Let h(l) = 3*l**3 + 47*l**2 - 22*l + 182. What is h(-16)?
278
Let a(b) = 3454*b - 352448. What is a(102)?
-140
Let n(h) = -5915*h + 94652. Calculate n(16).
12
Let r(b) = 5*b**3 + 116*b**2 + 395*b - 162. Determine r(-19).
-86
Let t(w) = -10*w**3 + 680*w**2 - 7*w + 442. What is t(68)?
-34
Let s(r) = 986*r - 21968. Determine s(22).
-276
Let o(q) = -61*q**2 - 2835*q + 427. Calculate o(-47).
-1077
Let o(n) = 42*n**2 - 3289*n + 7425. Determine o(76).
53
Let j(t) = 2*t**3 - 157*t**2 + 1186*t + 44. What is j(8)?
508
Let o(u) = -33*u**2 + 94*u - 718. Calculate o(7).
-1677
Let x(q) = 3*q**2 - 342*q - 3311. What is x(123)?
10
Let i(j) = -436*j**2 - 3959*j - 33. Determine i(-9).
282
Let k(f) = f**3 - 56*f**2 + 495*f + 777. What is k(13)?
-55
Let g(z) = -3129*z - 525690. Calculate g(-168).
-18
Let s(o) = o**3 + 10*o**2 - 47*o - 408. Calculate s(-10).
62
Let q(w) = -14242*w + 326961. Determine q(23).
-605
Let g(s) = 13403*s + 26738. Calculate g(-2).
-68
Let h(a) = -13199*a - 1742233. Calculate h(-132).
35
Let n(v) = -9*v**2 - 8750*v + 43989. Give n(5).
14
Let z(x) = 1112*x + 12688. Give z(-12).
-656
Let n(f) = -f**3 + 63*f**2 - 256*f - 175. Determine n(5).
-5
Let u(i) = -3*i**2 - 1116*i + 80727. Determine u(-434).
3
Let w(b) = b**3 + 45*b**2 - 503*b - 1104. Determine w(-54).
-186
Let t(k) = 3*k**2 + 345*k - 60776. What is t(-211)?
-8
Let q(d) = -84*d**2 - 2*d + 7. Determine q(-1).
-75
Let x(c) = -9012*c - 1676220. Give x(-186).
12
Let w(h) = h**3 + 24*h**2 + 72*h + 1617. Determine w(-22).
1001
Let f(u) = -u**3 + 592*u**2 - 921*u - 152799. Calculate f(590).
11
Let r(o) = 3*o**2 - 1021*o - 103613. Give r(422).
-223
Let p(m) = 12*m**2 + 22*m - 1297. Calculate p(12).
695
Let v(n) = -n**2 + 28340*n + 4502640. Calculate v(-158).
-44
Let w(a) = -38*a**2 + 44140*a - 44141. What is w(1)?
-39
Let j(o) = o**3 + 102*o**2 - 697*o - 107. Give j(7).
355
Let z(q) = -6*q**2 + 894*q - 28729. Calculate z(99).
971
Let c(w) = 14051*w - 140161. Give c(10).
349
Let n(y) = 766*y - 36403. Determine n(48).
365
Let d(f) = -7*f**2 + 163*f + 1121. Calculate d(29).
-39
Let c(r) = -10*r**2 + 4596*r + 6434. Give c(461).
-20
Let w(k) = 38*k**2 + 162*k - 724. Determine w(5).
1036
Let g(k) = -7569*k - 7507. What is g(-1)?
62
Let k(v) = 5*v**3 + 37*v**2 + 151*v + 960. Determine k(-7).
1
Let q(b) = b**2 + 325*b + 11626. Determine q(-35).
1476
Let i(n) = -55*n**2 - 179*n + 375. Determine i(2).
-203
Let k(l) = -204*l**2 - 895*l + 4. Give k(-4).
320
Let i(b) = 4166*b + 137404. Give i(-33).
-74
Let d(a) = 106*a + 1926. What is d(-26)?
-830
Let y(b) = -35*b**3 - 37520*b**2 - 9*b - 9655. Calculate y(-1072).
-7
Let u(s) = 2*s**3 - 40*s**2 + 119*s - 445. Determine u(18).
401
Let x(g) = -821*g + 23481. Give x(28).
493
Let w(a) = a**3 + 35*a**2 + 165*a - 588. Determine w(-28).
280
Let u(l) = -l**3 + 225*l**2 + 664*l + 3736. What is u(228)?
-824
Let a(j) = 31*j**2 - 111*j + 26. What is a(3)?
-28
Let h(k) = k**3 - 34*k**2 + 259*k + 12. What is h(15)?
-378
Let t(w) = -3765*w - 3682172. Determine t(-978).
-2
Let d(c) = c**3 - 9*c**2 - 17*c - 345. Calculate d(13).
110
Let x(a) = 6952*a - 145997. What is x(21)?
-5
Let h(b) = 3238*b - 443594. Determine h(137).
12
Let v(w) = -w**2 + 31*w - 338. Determine v(10).
-128
Let y(k) = 7*k**2 + 4383*k - 13270. Determine y(3).
-58
Let y(o) = -16*o**2 - 229*o + 1574. Calculate y(-20).
-246
Let o(j) = -228*j + 8791. Give o(39).
-101
Let q(f) = -2523*f + 835043. Give q(331).
-70
Let m(o) = -5*o**2 - 12*o + 404. Give m(-10).
24
Let j(a) = -2*a**3 - 138*a**2 - 24